{"id":1759,"date":"2021-12-17T16:57:23","date_gmt":"2021-12-17T16:57:23","guid":{"rendered":"https:\/\/mmg.cl\/?page_id=1759"},"modified":"2022-01-31T14:49:58","modified_gmt":"2022-01-31T14:49:58","slug":"nuestros-clientes","status":"publish","type":"page","link":"https:\/\/mmg.cl\/?page_id=1759","title":{"rendered":"Nuestros clientes"},"content":{"rendered":"<p>[ezcol_1half]<\/p>\n<p style=\"text-align: center;\"><strong>Empresa<\/strong><\/p>\n<ul>\n<li>MT INGENIERIA LIMITADA.<\/li>\n<li>INMOBILIARIA E INV. MT LIMITADA<\/li>\n<li>MT INVERSIONES LIMITADA<\/li>\n<li>M&amp;M GROUP LIMITADA<\/li>\n<li>BUILDING SERVICE SpA.<\/li>\n<li>AS GAMING CHILE SpA.<\/li>\n<li>INVERSIONES SELAY LIMITADA<\/li>\n<li>FORESTAL QUIRIHUE LIMITADA<\/li>\n<li>INVERSIONES PYXIS LIMITADA<\/li>\n<li>COMERCIALIZADORA TIZMAN LTDA.<\/li>\n<li>LUMIAN DESARROLLO DE NEGOCIOS SPA<\/li>\n<li>ADMINIST. DE FRANQUICIAS MANDA LIMITADA<\/li>\n<li>RENTAS ISIDORA LIMITADA<\/li>\n<li>PUCAR\u00c1 INVERSIONES LIMITADA<\/li>\n<li>AGR\u00cdCOLA Y COMERCIAL LOS JULIOS LIMITADA<\/li>\n<li>AGR\u00cdCOLA Y COMERCIAL KANKAY LIMITADA<\/li>\n<li>SOC. DISTRIBUIDORA Y COMERCIAL PI LTDA.<\/li>\n<li>ALVARO MOISES DELGADILLO ARANCIBIA<\/li>\n<li>ARQUITECT. Y COMUNICACI\u00d3N LTDA<\/li>\n<li>COMERCIAL X-PORTA Y COMPANIA LIMITADA<\/li>\n<li>ASESORIAS KAPLAN &amp; NEUPERT SPA<\/li>\n<li>VARCAN DOMUS SPA<\/li>\n<li>SERVICIOS MEDICOS BRAGOR SPA<\/li>\n<li>INMOBILIARIA REGYMATH SPA<\/li>\n<li>JOSE LUIS ARAYA ARANCIBIA<\/li>\n<li>VELSUR IMPRESORES LIMITADA<\/li>\n<li>COM.CARLOS A. VELIZ ARANCIBIA EIRL<\/li>\n<li>LABORATORIO ETCHEVERRY LTDA.<\/li>\n<li>TRANSP. LEONARDO EZQUERRA E HIJOS LTDA.<\/li>\n<li>TRANSP. LEONARDO EZQUERRA VARAS E.I.R.L.<\/li>\n<li>LEONARDO EZQUERRA VARAS<\/li>\n<li>INM.Y CONST. MONICA CACERES RIOS E.I.R.L.<\/li>\n<li>RMGG TECNOLOGIAS SPA<\/li>\n<li>SERV.CONSTRUCTIVOS, CRISTIAN A.FLORES P<\/li>\n<li>COM E INV SILVA HNOS LTDA<\/li>\n<li>TRANSP SILVA HNOS LTDA<\/li>\n<li>CONST SILVA HNOS LTDA<\/li>\n<li>INMOB SILVA HNOS LTDA<\/li>\n<li>LDV LIMITADA (Pizzeria)<\/li>\n<li>ESTRATEGIAS DE MARKETING SOCIAL SPA<\/li>\n<li>CHRISTIAN MAURICIO OCHOA ROJAS<\/li>\n<li>AUDIOVISUALES HERZAM LTDA<\/li>\n<li>DESARROLLOS DSP SPA<\/li>\n<li>MARCOS VERGARA M. ASESORIAS E INVERS.<\/li>\n<li>SOC.INV. CERRO TRONADOR SPA<\/li>\n<\/ul>\n<p>[\/ezcol_1half]<\/p>\n<p>[ezcol_1half_end]<\/p>\n<p style=\"text-align: center;\"><strong>Giro<\/strong><\/p>\n<ul>\n<li>VENTILACION Y AIRE ACONDICIONADO.<\/li>\n<li>INMOBILIARIAS<\/li>\n<li>TRANSPORTES Y RENT A CAR<\/li>\n<li>ASESORIAS EMPRESARIALES<\/li>\n<li>ASEO INDUSTRIAL<\/li>\n<li>IMPORTADORES<\/li>\n<li>INMOBILIARIAS<\/li>\n<li>FORESTALES<\/li>\n<li>RESTAURANTES Y AFINES.<\/li>\n<li>COMERCIALIZADORAS<\/li>\n<li>ASESORIAS EMPRESARIALES<\/li>\n<li>FRANQUICIAS<\/li>\n<li>INMOBILIARIAS<\/li>\n<li>SOCIEDADES DE INVERSION<\/li>\n<li>AGR\u00cdCOLAS<\/li>\n<li>AGR\u00cdCOLAS<\/li>\n<li>VENTILACION Y AIRE ACONDICIONADO<\/li>\n<li>RESTAURANTES Y AFINES.<\/li>\n<li>ARQUITECTOS<\/li>\n<li>EXPORTADORES<\/li>\n<li>MARKETING Y COMUNICACI\u00d3N<\/li>\n<li>INMOBILIARIAS<\/li>\n<li>CENTROS MEDICOS<\/li>\n<li>INMOBILIARIAS<\/li>\n<li>TRANSPORTES Y RENT A CAR<\/li>\n<li>IMPRESI\u00d3N Y DISE\u00d1O GR\u00c1FICO<\/li>\n<li>COMERCIALIZADORAS<\/li>\n<li>LABORATORIOS CLINICOS<\/li>\n<li>TRANSPORTES Y RENT A CAR<\/li>\n<li>TRANSPORTES Y RENT A CAR<\/li>\n<li>TRANSPORTES Y RENT A CAR<\/li>\n<li>CONSTRUCTORAS<\/li>\n<li>SERVICIOS DE ELECTRICIDAD Y SEGURIDAD<\/li>\n<li>CONSTRUCTORAS<\/li>\n<li>FERRETERIAS<\/li>\n<li>TRANSPORTES Y RENT A CAR<\/li>\n<li>CONSTRUCTORAS<\/li>\n<li>INMOBILIARIAS<\/li>\n<li>RESTAURANTES Y AFINES.<\/li>\n<li>MARKETING Y COMUNICACI\u00d3N<\/li>\n<li>RESTAURANTES Y AFINES.<\/li>\n<li>COMERCIALIZADORAS<\/li>\n<li>SOCIEDADES DE INVERSION<\/li>\n<li>EMPRESAS DE INGENIERIA<\/li>\n<li>EMPRESAS DE INGENIERIA<\/li>\n<\/ul>\n<p>[\/ezcol_1half_end]<\/p>\n","protected":false},"excerpt":{"rendered":"<p>[ezcol_1half] Empresa MT INGENIERIA LIMITADA. INMOBILIARIA E INV. MT LIMITADA MT INVERSIONES LIMITADA M&amp;M GROUP LIMITADA BUILDING SERVICE SpA. AS GAMING CHILE SpA. INVERSIONES SELAY LIMITADA FORESTAL QUIRIHUE LIMITADA INVERSIONES &#8230;<\/p>\n","protected":false},"author":1,"featured_media":1597,"parent":0,"menu_order":0,"comment_status":"closed","ping_status":"closed","template":"","meta":{"footnotes":""},"class_list":["post-1759","page","type-page","status-publish","has-post-thumbnail","hentry"],"_links":{"self":[{"href":"https:\/\/mmg.cl\/index.php?rest_route=\/wp\/v2\/pages\/1759","targetHints":{"allow":["GET"]}}],"collection":[{"href":"https:\/\/mmg.cl\/index.php?rest_route=\/wp\/v2\/pages"}],"about":[{"href":"https:\/\/mmg.cl\/index.php?rest_route=\/wp\/v2\/types\/page"}],"author":[{"embeddable":true,"href":"https:\/\/mmg.cl\/index.php?rest_route=\/wp\/v2\/users\/1"}],"replies":[{"embeddable":true,"href":"https:\/\/mmg.cl\/index.php?rest_route=%2Fwp%2Fv2%2Fcomments&post=1759"}],"version-history":[{"count":32,"href":"https:\/\/mmg.cl\/index.php?rest_route=\/wp\/v2\/pages\/1759\/revisions"}],"predecessor-version":[{"id":1959,"href":"https:\/\/mmg.cl\/index.php?rest_route=\/wp\/v2\/pages\/1759\/revisions\/1959"}],"wp:featuredmedia":[{"embeddable":true,"href":"https:\/\/mmg.cl\/index.php?rest_route=\/wp\/v2\/media\/1597"}],"wp:attachment":[{"href":"https:\/\/mmg.cl\/index.php?rest_route=%2Fwp%2Fv2%2Fmedia&parent=1759"}],"curies":[{"name":"wp","href":"https:\/\/api.w.org\/{rel}","templated":true}]}}